ase 2) to base 13
187ccb
What is 328261 (base 11) in base 14?
d8a52
-12611145 (base 7) to base 4
-10123310031
What is d46b85 (base 14) in base 11?
4053560
What is -330402213 (base 5) in base 7?
-15030124
198622 (base 11) to base 12
128076
-10000011111011010100010 (base 2) to base 5
-2101313403
What is -5354302 (base 7) in base 8?
-2371640
-142015344 (base 6) to base 10
-2895184
What is 13423233 (base 5) in base 3?
21001221022
-11101011001001000 (base 2) to base 13
-42a4c
What is -110110001110110111 (base 2) in base 13?
-7a154
Convert 1212043 (base 5) to base 8.
54365
Convert -4946937 (base 11) to base 12.
-2a6a986
3466661 (base 7) to base 9
735368
-311983 (base 11) to base 16
-7a251
What is 308817 (base 13) in base 9?
2115846
21637776 (base 8) to base 11
26aa244
Convert -12413223 (base 6) to base 5.
-101001013
Convert 28507333 (base 9) to base 4.
311312303013
-79622 (base 10) to base 11
-54904
-7321172 (base 9) to base 16
-3bae3f
Convert 926669 (base 10) to base 14.
1a19c9
-34402404 (base 5) to base 7
-2430000
What is -1832440 (base 9) in base 3?
-1221002111100
Convert -80403 (base 12) to base 6.
-3322403
Convert -268235 (base 11) to base 7.
-3402021
Convert -1131111221 (base 4) to base 8.
-1352551
263792 (base 13) to base 7
10556411
What is 263837 (base 9) in base 8?
471115
What is 2631396 (base 10) in base 11?
1538009
What is -11001001000101111101 (base 2) in base 16?
-c917d
Convert -166206104 (base 7) to base 13.
-24aa798
Convert 275836 (base 9) to base 11.
105537
205004422 (base 6) to base 12
1253712
What is 118451 (base 11) in base 15?
3a58a
What is 55224102 (base 6) in base 16?
193526
What is -254753 (base 8) in base 15?
-1b38a
Convert -40251233 (base 6) to base 9.
-2130573
What is 6241d (base 16) in base 3?
202110001222
What is -102203031 (base 5) in base 10?
-428516
-223220313 (base 4) to base 7
-1343055
What is 3210230302 (base 4) in base 3?
1202120222121
Convert 53db3 (base 14) to base 2.
110001100100001001
Convert -26223684 (base 9) to base 11.
-73033a7
10101111110100000111 (base 2) to base 15
e3590
-132010120 (base 4) to base 10
-123160
What is 4aa47 (base 12) in base 6?
2102531
Convert 163252230 (base 7) to base 15.
e95770
1827774 (base 10) to base 9
3385210
What is -3575707 (base 8) in base 13?
-284c54
76a52 (base 14) to base 8
1061260
2242670 (base 10) to base 3
11012221100212
-1412240232 (base 5) to base 15
-4bba47
What is -5171763 (base 8) in base 15?
-1c1ceb
Convert -143043221 (base 5) to base 9.
-1366745
What is -4217131 (base 8) in base 9?
-2088834
-7790b0 (base 13) to base 3
-12022012210111
Convert 211a8 (base 13) to base 3.
10000210101
Convert 105244562 (base 7) to base 12.
2186605
-17555560 (base 9) to base 14
-125db86
-714061 (base 9) to base 2
-1100111001111011011
-1dd0da (base 14) to base 2
-100000101111111001000
What is -209133 (base 14) in base 15?
-16b175
-2255732 (base 8) to base 16
-95bda
What is -1101110001010 (base 2) in base 14?
-27d8
412412111 (base 5) to base 4
12123130201
Convert -104521 (base 13) to base 7.
-3144436
Convert -606403 (base 8) to base 9.
-334234
What is -816499 (base 11) in base 9?
-2418183
Convert -931a8 (base 16) to base 5.
-123240121
What is -202220033 (base 4) in base 13?
-4c739
411112413 (base 5) to base 8
6252706
What is -42326 (base 7) in base 8?
-24331
Convert -5603636 (base 8) to base 6.
-52203222
What is -1112121222 (base 4) in base 14?
-92d86
What is -18363d (base 14) in base 6?
-30152315
Convert 80799 (base 11) to base 3.
12222222110
Convert 202010100202111 (base 3) to base 12.
36b9287
What is 1414c81 (base 13) in base 2?
11000001110101001100111
Convert 16a28 (base 15) to base 12.
3640b
Convert 14426542 (base 10) to base 16.
dc21ae
What is 10a5653 (base 11) in base 6?
105133534
41462344 (base 8) to base 6
512440100
12012075 (base 8) to base 2
1010000001010000111101
23511212 (base 6) to base 13
1cbc71
9aa92 (base 11) to base 6
3045422
2332203323 (base 4) to base 3
1110122200212
What is -3334342 (base 5) in base 8?
-162542
Convert -41984a (base 11) to base 8.
-2440146
What is 3212301031 (base 4) in base 3?
1210000121111
22022121 (base 4) to base 2
1010001010011001
-6785e9 (base 16) to base 12
-2332261
Convert -1360ab (base 12) to base 14.
-85271
Convert -9232a9 (base 12) to base 6.
-121001533
What is 2045016 (base 7) in base 10?
246630
1232213202 (base 4) to base 3
212000112010
Convert -140a1 (base 12) to base 7.
-143650
Convert -1b048 (base 16) to base 2.
-11011000001001000
101001010010101010 (base 2) to base 3
22121000002
11ad9 (base 14) to base 3
2012102010
What is 210001012210 (base 3) in base 15?
82b03
What is -12401404 (base 5) in base 16?
-1dcf8
Convert 8202575 (base 9) to base 13.
ba0a28
Convert 252043303 (base 6) to base 4.
102202010313
What is -191243 (base 10) in base 3?
-100201100002
Convert 10120111100 (base 3) to base 7.
412041
What is -7738858 (base 9) in base 14?
-7a3c98
-1010222012000 (base 3) to base 9
-1128160
Convert 21ba76 (base 14) to base 12.
473460
Convert -37a52a0 (base 11) to base 2.
-11001001010001110000001
7dc0 (base 16) to base 8
76700
-223546 (base 8) to base 13
-28561
-c67ca (base 13) to base 10
-357263
Convert -16892 (base 15) to base 7.
-422165
25634452 (base 7) to base 9
4363634
234b8 (base 13) to base 5
4031130
Convert -133634 (base 8) to base 2.
-1011011110011100
-20110414 (base 5) to base 8
-470555
Convert 31436734 (base 8) to base 3.
110121102100222
Convert 325542 (base 8) to base 9.
176066
Convert -395775 (base 11) to base 12.
-2602b6
Convert 76918 (base 11) to base 7.
643211
Convert bcf7a (base 16) to base 5.
144232020
Convert -3213130313 (base 4) to base 11.
-59829a
What is -14831446 (base 10) in base 5?
-12244101241
Convert 1c3906 (base 13) to base 3.
1100200121001
What is 44a29 (base 11) in base 6?
1221305
What is 2520610 (base 7) in base 8?
1171524
Convert 79585 (base 10) to base 13.
2a2bc
-1110101120002 (base 3) to base 13
-211ba1
What is -9896b1 (base 12) in base 7?
-26405002
What is 35823 (base 10) in base 6?
433503
9834a (base 11) to base 6
3021134
What is 412c8e (base 16) in base 2?
10000010010110010001110
Convert 14545801 (base 9) to base 2.
11011100110001111010100
What is 4711398 (base 10) in base 13?
c8c613
Convert 5d6c6 (base 14) to base 15.
47d37
Convert -1111010110001101 (base 2) to base 9.
-105205
What is 2417607 (base 10) in base 9?
4484300
Convert -330220303310 (base 4) to base 5.
-13032131141
What is -2242643 (base 7) in base 12?
-11591b
What is -4a409 (base 14) in base 10?
-181897
What is 6075143 (base 8) in base 2?
110000111101001100011
Convert 2721047 (base 11) to base 6.
244432315
-76245 (base 14) to base 5
-33121304
Convert -781b4 (base 14) to base 15.
-5b448
49a631 (base 14) to base 8
11505003
101335 (base 8) to base 15
9dd6
299413 (base 10) to base 15
5daad
-5808081 (base 9) to base 12
-107263a
61165643 (base 7) to base 11
29688a7
What is 1375201 (base 9) in base 11?
478815
Convert 94244 (base 12) to base 11.
122731
Convert 432036 (base 8) to base 9.
240080
Convert 55100 (base 12) to base 8.
333520
What is 30330132 (base 4) in base 14?
15474
What is 21220022102010 (base 3) in base 9?
7808363
-4240135 (base 6) to base 5
-23114134
What is 10101011010100 (base 2) in base 3?
120001002
Convert 554061 (base 7) to base 2.
10111110010101111
What is 6889 (base 10) in base 7?
26041
Convert 11110000000000111 (base 2) to base 11.
84366
Convert -2323301001 (base 4) to base 13.
-20c0a9
-2e052 (base 15) to base 13
-52820
715573 (base 8) to base 16
39b7b
2a23 (base 16) to base 9
15715
What is 100011100011011110 (base 2) in base 13?
51394
What is 201212100 (base 5) in base 3?
1111211220201
What is 6747750 (base 8) in base 11?
1035467
What is 136478 (base 15) in base 2?
11100011101010100001
Convert 2267451 (base 8) to base 9.
1142108
What is 2a2cbf (base 16) in base 10?
2763967
12cb1 (base 16) to base 13
29064
Convert 52646652 (base 8) to base 10.
11226538
What is -265035 (base 9) in base 2?
-100111010101110101
-6767315 (base 8) to base 14
-3591b7
What is -9061b6 (base 16) in base 3?
-122210201200210
Convert 11220202100200 (base 3) to base 9.
4822320
Convert a8a00 (base 16) to base 13.
1b24bb
What is 6420a0 (base 13) in base 12?
951b3a
What is 17aed (base 16) in base 13?
351cc
What is 110002001122 (base 3) in base 6?
5032242
What 